ime number?
True
Is 9914501 composite?
False
Is 268091 a composite number?
False
Is 12906407 prime?
False
Is 10188935 prime?
False
Is 2794031 prime?
True
Is 13563139 prime?
False
Is 1957001 composite?
True
Is 60123197 a composite number?
True
Is 78477823 a prime number?
True
Is 1617689 a prime number?
True
Is 18745369 composite?
False
Is 480041171 composite?
True
Is 17592149 a composite number?
False
Is 13560707 a prime number?
True
Is 821867 composite?
True
Is 85172357 composite?
False
Is 4007942 prime?
False
Is 169423997 composite?
False
Is 14598313 prime?
False
Is 2082247 composite?
False
Is 207538 a prime number?
False
Is 395699 a prime number?
False
Is 14338297 a prime number?
True
Is 20755667 prime?
False
Is 15443339 a composite number?
False
Is 921073 prime?
True
Is 3532787 composite?
True
Is 7655429 a prime number?
True
Is 256885331 prime?
True
Is 328023599 a prime number?
True
Is 1744657 a composite number?
False
Is 25046303 a prime number?
True
Is 146539885 composite?
True
Is 377935139 a prime number?
True
Is 32038157 a prime number?
True
Is 59047 composite?
True
Is 46868599 composite?
True
Is 25667731 a prime number?
True
Is 83190709 prime?
False
Is 22930703 prime?
False
Is 2058571 prime?
True
Is 10263679 a prime number?
True
Is 98479787 composite?
True
Is 2566649 composite?
True
Is 114359161 prime?
False
Is 558051593 a composite number?
True
Is 31849081 prime?
False
Is 86141893 a prime number?
True
Is 2660099 composite?
True
Is 46849723 composite?
True
Is 41573797 prime?
True
Is 54482947 prime?
True
Is 5496454 prime?
False
Is 602311 a prime number?
True
Is 2352899 composite?
False
Is 40461559 prime?
True
Is 12869687 a composite number?
True
Is 115183009 a composite number?
False
Is 195343661 prime?
True
Is 198811 prime?
True
Is 57689 a prime number?
True
Is 28134317 a composite number?
True
Is 650699345 a composite number?
True
Is 5026517 prime?
False
Is 956829293 prime?
False
Is 3092767 a composite number?
False
Is 31075505 composite?
True
Is 126705707 composite?
True
Is 96735955 a prime number?
False
Is 11717159 a composite number?
False
Is 338311 a prime number?
False
Is 17384789 prime?
True
Is 1888457 prime?
True
Is 70865017 composite?
False
Is 47217491 a prime number?
True
Is 71955077 a composite number?
False
Is 143450831 a prime number?
True
Is 16358891 composite?
False
Is 67777369 a prime number?
False
Is 51974113 a composite number?
False
Is 13699667 prime?
True
Is 77014897 prime?
False
Is 688003 a composite number?
False
Is 1587557 a composite number?
False
Is 16771609 a prime number?
True
Is 201743173 a composite number?
False
Is 18835331 a composite number?
True
Is 127200891 a prime number?
False
Is 1841137 prime?
False
Is 63739 composite?
True
Is 1077221 prime?
True
Is 1433891 composite?
False
Is 40399881 prime?
False
Is 23038573 prime?
True
Is 6343367 a composite number?
False
Is 43608421 a composite number?
False
Is 15864299 a composite number?
True
Is 8419493 prime?
False
Is 129659483 prime?
True
Is 53665319 a composite number?
False
Is 42491819 composite?
False
Is 129061981 prime?
True
Is 1099831 prime?
False
Is 43653685 a composite number?
True
Is 6544801 a composite number?
False
Is 17828609 composite?
True
Is 2183 composite?
True
Is 32955343 a prime number?
False
Is 4411427 prime?
True
Is 27874267 a prime number?
True
Is 73753091 prime?
False
Is 61039253 composite?
True
Is 14568298 a prime number?
False
Is 241131767 a prime number?
True
Is 20185031 prime?
True
Is 14983013 a prime number?
False
Is 815599 a prime number?
True
Is 1423579 composite?
False
Is 274525649 prime?
True
Is 8678213 a composite number?
False
Is 7044931 a composite number?
False
Is 22027321 a composite number?
True
Is 16209863 prime?
True
Is 184298021 prime?
True
Is 62871517 a composite number?
True
Is 3794459 prime?
True
Is 119637071 composite?
False
Is 277193219 prime?
False
Is 15832043 a composite number?
False
Is 320687 a prime number?
True
Is 228799535 prime?
False
Is 153542747 composite?
True
Is 1531295 prime?
False
Is 354693821 composite?
True
Is 37949473 a prime number?
True
Is 268878047 composite?
False
Is 10156187 composite?
False
Is 83924983 a prime number?
True
Is 9908051 composite?
False
Is 3767411 composite?
False
Is 3610687 composite?
True
Is 5739161 a prime number?
True
Is 9707251 composite?
False
Is 21307357 a prime number?
False
Is 37896123 a composite number?
True
Is 38939 a prime number?
False
Is 54997997 composite?
True
Is 5757749 prime?
False
Is 9013439 a composite number?
False
Is 1732795 a composite number?
True
Is 18027509 prime?
False
Is 103867037 prime?
False
Is 42671861 a prime number?
False
Is 2970457 prime?
False
Is 3951707 a prime number?
True
Is 22523173 a prime number?
True
Is 6864215 a prime number?
False
Is 5005181 prime?
False
Is 25091867 a prime number?
True
Is 1290977 composite?
True
Is 10938553 composite?
False
Is 51306665 a composite number?
True
Is 15623851 a composite number?
True
Is 3074398 prime?
False
Is 25723367 a prime number?
True
Is 294936823 composite?
False
Is 303217 a prime number?
True
Is 2982163 a prime number?
False
Is 10793689 a composite number?
False
Is 23389141 prime?
True
Is 94865909 a composite number?
True
Is 34425829 composite?
True
Is 390581 a prime number?
True
Is 72078671 a composite number?
True
Is 51549521 composite?
True
Is 4453717 a prime number?
True
Is 895613 composite?
False
Is 859499 composite?
True
Is 5182939 prime?
True
Is 60249599 a composite number?
False
Is 5732189 a prime number?
True
Is 2251567 a composite number?
True
Is 38856317 a prime number?
False
Is 119185777 a composite number?
False
Is 15924407 prime?
True
Is 22331791 prime?
False
Is 13131373 prime?
True
Is 45274269 a prime number?
False
Is 3079579 a prime number?
True
Is 215197643 a composite number?
True
Is 134689 composite?
True
Is 5978993 composite?
False
Is 1081477 prime?
True
Is 448127 a prime number?
False
Is 11521262 a prime number?
False
Is 26082239 a composite number?
False
Is 788603 a prime number?
True
Is 101427419 prime?
True
Is 678533 a prime number?
True
Is 6705407 prime?
False
Is 23930209 a prime number?
True
Is 230072195 composite?
True
Is 1464863 a prime number?
True
Is 1228368877 a prime number?
True
Is 4683333 composite?
True
Is 2945833 a composite number?
True
Is 1398541 a prime number?
True
Is 10068754 composite?
True
Is 18589937 a prime number?
True
Is 3063253 prime?
True
Is 28544673 a composite number?
True
Is 90135079 prime?
False
Is 13338197 a prime number?
True
Is 25937245 a prime number?
False
Is 1919705 a prime number?
False
Is 14846207 a composite number?
True
Is 441273299 a prime number?
False
Is 1823381 a composite number?
True
Is 7048271 prime?
True
Is 1661917 a prime number?
True
Is 132288141 a prime number?
False
Is 70300961 composite?
True
Is 98393887 composite?
True
Is 69982619 a composite number?
True
Is 1669624231 composite?
True
Is 345324517 a composite number?
True
Is 11745389 prime?
False
Is 56239397 a prime number?
True
Is 4741087 a prime number?
False
Is 70269053 composite?
False
Is 27892571 prime?
False
Is 708794747 a composite number?
True
Is 74038511 composite?
False
Is 6316871 composite?
True
Is 522469 prime?
True
Is 4441337 composite?
True
Is 2107831 a prime number?
False
Is 564819881 a composite number?
True
Is 623767 composite?
False
Is 24697613 prime?
True
Is 1199897 composite?
True
Is 15728807 prime?
False
Is 19073941 composite?
True
Is 1470666163 a composite number?
False
Is 127741 prime?
False
Is 200865239 a composite number?
False
Is 114526189 a prime number?
True
Is 53962621 a composite number?
False
Is 25373893 a composite number?
True
Is 4894865 a composite number?
True
Is 423917211 prime?
False
Is 3028213 prime?
True
Is 8188597 composite?
False
Is 7331083 a composite number?
False
Is 21284517 composite?
True
Is 11331013 a prime number?
False
Is 166836049 a composite number?
False
Is 657187 prime?
True
Is 281495 a prime number?
False
Is 180815429 a composite number?
False
Is 278029 composite?
False
Is 2716051 prime?
False
Is 29840663 prime?
True
Is 5736373 a prime number?
False
Is 4257353 composite?
False
Is 261622679 prime?
True
Is 116709627 a prime number?
False
Is 224698247 prime?
False
Is 2186777 composite?
True
Is 21742793 composite?
Fal